{"id":3659,"date":"2021-05-25T14:33:10","date_gmt":"2021-05-25T14:33:10","guid":{"rendered":"http:\/\/shop.museal.com\/?page_id=3659"},"modified":"2021-09-07T08:43:59","modified_gmt":"2021-09-07T07:43:59","slug":"presse","status":"publish","type":"page","link":"https:\/\/museal.com\/fr\/presse\/","title":{"rendered":"Presse"},"content":{"rendered":"<div class=\"wpb-content-wrapper\"><p>[vc_row][vc_column][vc_column_text]<\/p>\n<p>Les \u00e9ditions MUSEAL diffusent r\u00e9guli\u00e8rement des communiqu\u00e9s de presse sur les nouvelles \u00e9ditions d&#8217;objets inspir\u00e9s du Patrimoine luxembourgeois, les expositions et \u00e9v\u00e8nements qui y sont associ\u00e9s. Vous pouvez acc\u00e9der aux derniers communiqu\u00e9s publi\u00e9s en cliquant ici : <a href=\"https:\/\/boutique.museal.com\/html\/communiques\" target=\"_blank\" rel=\"noopener\">Archives communiqu\u00e9s de presse<\/a><\/p>\n<p>Pour plus d&#8217;informations, ou vous abonner aux communiqu\u00e9s de presse, Contact presse : Pierre-Antoine LAURENT, +352 465960,\u00a0<a href=\"mailto:pal@museal.com\">pal@museal.com<\/a><\/p>\n<p>Ils parlent de nous:<\/p>\n<p>[\/vc_column_text][\/vc_column][\/vc_row][vc_row][vc_column][vc_masonry_grid post_type=&#8221;post&#8221; max_items=&#8221;1000&#8243; style=&#8221;load-more&#8221; item=&#8221;mediaGrid_BlurWithContentBlock&#8221; btn_title=&#8221;Plus&#8221; btn_style=&#8221;modern&#8221; btn_color=&#8221;default&#8221; grid_id=&#8221;vc_gid:1631000577089-ca4f32cc9a2b40be5bcd45c4602fca3e-6&#8243;][\/vc_column][\/vc_row]<\/p>\n<\/div>","protected":false},"excerpt":{"rendered":"<p>[vc_row][vc_column][vc_column_text] Les \u00e9ditions MUSEAL diffusent r\u00e9guli\u00e8rement des communiqu\u00e9s de presse sur les nouvelles \u00e9ditions d&#8217;objets inspir\u00e9s du Patrimoine luxembourgeois, les expositions et \u00e9v\u00e8nements qui y sont associ\u00e9s. Vous pouvez acc\u00e9der aux derniers communiqu\u00e9s publi\u00e9s en cliquant ici : Archives communiqu\u00e9s de presse Pour plus d&#8217;informations, ou vous abonner aux communiqu\u00e9s de presse, Contact presse : [&hellip;]<\/p>\n","protected":false},"author":8,"featured_media":0,"parent":0,"menu_order":0,"comment_status":"closed","ping_status":"closed","template":"","meta":{"footnotes":""},"class_list":["post-3659","page","type-page","status-publish","hentry"],"yoast_head":"<!-- This site is optimized with the Yoast SEO plugin v27.3 - https:\/\/yoast.com\/product\/yoast-seo-wordpress\/ -->\n<title>Presse - Museal Editions<\/title>\n<meta name=\"robots\" content=\"index, follow, max-snippet:-1, max-image-preview:large, max-video-preview:-1\" \/>\n<link rel=\"canonical\" href=\"https:\/\/museal.com\/fr\/presse\/\" \/>\n<meta property=\"og:locale\" content=\"fr_FR\" \/>\n<meta property=\"og:type\" content=\"article\" \/>\n<meta property=\"og:title\" content=\"Presse - Museal Editions\" \/>\n<meta property=\"og:description\" content=\"[vc_row][vc_column][vc_column_text] Les \u00e9ditions MUSEAL diffusent r\u00e9guli\u00e8rement des communiqu\u00e9s de presse sur les nouvelles \u00e9ditions d&#8217;objets inspir\u00e9s du Patrimoine luxembourgeois, les expositions et \u00e9v\u00e8nements qui y sont associ\u00e9s. Vous pouvez acc\u00e9der aux derniers communiqu\u00e9s publi\u00e9s en cliquant ici : Archives communiqu\u00e9s de presse Pour plus d&#8217;informations, ou vous abonner aux communiqu\u00e9s de presse, Contact presse : [&hellip;]\" \/>\n<meta property=\"og:url\" content=\"https:\/\/museal.com\/fr\/presse\/\" \/>\n<meta property=\"og:site_name\" content=\"Museal Editions\" \/>\n<meta property=\"article:modified_time\" content=\"2021-09-07T07:43:59+00:00\" \/>\n<meta name=\"twitter:card\" content=\"summary_large_image\" \/>\n<script type=\"application\/ld+json\" class=\"yoast-schema-graph\">{\"@context\":\"https:\\\/\\\/schema.org\",\"@graph\":[{\"@type\":\"WebPage\",\"@id\":\"https:\\\/\\\/museal.com\\\/fr\\\/presse\\\/\",\"url\":\"https:\\\/\\\/museal.com\\\/fr\\\/presse\\\/\",\"name\":\"Presse - Museal Editions\",\"isPartOf\":{\"@id\":\"https:\\\/\\\/museal.com\\\/fr\\\/#website\"},\"datePublished\":\"2021-05-25T14:33:10+00:00\",\"dateModified\":\"2021-09-07T07:43:59+00:00\",\"breadcrumb\":{\"@id\":\"https:\\\/\\\/museal.com\\\/fr\\\/presse\\\/#breadcrumb\"},\"inLanguage\":\"fr-FR\",\"potentialAction\":[{\"@type\":\"ReadAction\",\"target\":[\"https:\\\/\\\/museal.com\\\/fr\\\/presse\\\/\"]}]},{\"@type\":\"BreadcrumbList\",\"@id\":\"https:\\\/\\\/museal.com\\\/fr\\\/presse\\\/#breadcrumb\",\"itemListElement\":[{\"@type\":\"ListItem\",\"position\":1,\"name\":\"Accueil\",\"item\":\"https:\\\/\\\/museal.com\\\/fr\\\/\"},{\"@type\":\"ListItem\",\"position\":2,\"name\":\"Presse\"}]},{\"@type\":\"WebSite\",\"@id\":\"https:\\\/\\\/museal.com\\\/fr\\\/#website\",\"url\":\"https:\\\/\\\/museal.com\\\/fr\\\/\",\"name\":\"Museal Editions\",\"description\":\"Objets d&#039;art et de d\u00e9coration inspir\u00e9s du Patrimoine luxembourgeois\",\"publisher\":{\"@id\":\"https:\\\/\\\/museal.com\\\/fr\\\/#organization\"},\"potentialAction\":[{\"@type\":\"SearchAction\",\"target\":{\"@type\":\"EntryPoint\",\"urlTemplate\":\"https:\\\/\\\/museal.com\\\/fr\\\/?s={search_term_string}\"},\"query-input\":{\"@type\":\"PropertyValueSpecification\",\"valueRequired\":true,\"valueName\":\"search_term_string\"}}],\"inLanguage\":\"fr-FR\"},{\"@type\":\"Organization\",\"@id\":\"https:\\\/\\\/museal.com\\\/fr\\\/#organization\",\"name\":\"Museal Editions\",\"url\":\"https:\\\/\\\/museal.com\\\/fr\\\/\",\"logo\":{\"@type\":\"ImageObject\",\"inLanguage\":\"fr-FR\",\"@id\":\"https:\\\/\\\/museal.com\\\/fr\\\/#\\\/schema\\\/logo\\\/image\\\/\",\"url\":\"https:\\\/\\\/museal.com\\\/wp-content\\\/uploads\\\/2021\\\/05\\\/logo-e1621950424453.jpg\",\"contentUrl\":\"https:\\\/\\\/museal.com\\\/wp-content\\\/uploads\\\/2021\\\/05\\\/logo-e1621950424453.jpg\",\"width\":732,\"height\":574,\"caption\":\"Museal Editions\"},\"image\":{\"@id\":\"https:\\\/\\\/museal.com\\\/fr\\\/#\\\/schema\\\/logo\\\/image\\\/\"}}]}<\/script>\n<!-- \/ Yoast SEO plugin. -->","yoast_head_json":{"title":"Presse - Museal Editions","robots":{"index":"index","follow":"follow","max-snippet":"max-snippet:-1","max-image-preview":"max-image-preview:large","max-video-preview":"max-video-preview:-1"},"canonical":"https:\/\/museal.com\/fr\/presse\/","og_locale":"fr_FR","og_type":"article","og_title":"Presse - Museal Editions","og_description":"[vc_row][vc_column][vc_column_text] Les \u00e9ditions MUSEAL diffusent r\u00e9guli\u00e8rement des communiqu\u00e9s de presse sur les nouvelles \u00e9ditions d&#8217;objets inspir\u00e9s du Patrimoine luxembourgeois, les expositions et \u00e9v\u00e8nements qui y sont associ\u00e9s. Vous pouvez acc\u00e9der aux derniers communiqu\u00e9s publi\u00e9s en cliquant ici : Archives communiqu\u00e9s de presse Pour plus d&#8217;informations, ou vous abonner aux communiqu\u00e9s de presse, Contact presse : [&hellip;]","og_url":"https:\/\/museal.com\/fr\/presse\/","og_site_name":"Museal Editions","article_modified_time":"2021-09-07T07:43:59+00:00","twitter_card":"summary_large_image","schema":{"@context":"https:\/\/schema.org","@graph":[{"@type":"WebPage","@id":"https:\/\/museal.com\/fr\/presse\/","url":"https:\/\/museal.com\/fr\/presse\/","name":"Presse - Museal Editions","isPartOf":{"@id":"https:\/\/museal.com\/fr\/#website"},"datePublished":"2021-05-25T14:33:10+00:00","dateModified":"2021-09-07T07:43:59+00:00","breadcrumb":{"@id":"https:\/\/museal.com\/fr\/presse\/#breadcrumb"},"inLanguage":"fr-FR","potentialAction":[{"@type":"ReadAction","target":["https:\/\/museal.com\/fr\/presse\/"]}]},{"@type":"BreadcrumbList","@id":"https:\/\/museal.com\/fr\/presse\/#breadcrumb","itemListElement":[{"@type":"ListItem","position":1,"name":"Accueil","item":"https:\/\/museal.com\/fr\/"},{"@type":"ListItem","position":2,"name":"Presse"}]},{"@type":"WebSite","@id":"https:\/\/museal.com\/fr\/#website","url":"https:\/\/museal.com\/fr\/","name":"Museal Editions","description":"Objets d&#039;art et de d\u00e9coration inspir\u00e9s du Patrimoine luxembourgeois","publisher":{"@id":"https:\/\/museal.com\/fr\/#organization"},"potentialAction":[{"@type":"SearchAction","target":{"@type":"EntryPoint","urlTemplate":"https:\/\/museal.com\/fr\/?s={search_term_string}"},"query-input":{"@type":"PropertyValueSpecification","valueRequired":true,"valueName":"search_term_string"}}],"inLanguage":"fr-FR"},{"@type":"Organization","@id":"https:\/\/museal.com\/fr\/#organization","name":"Museal Editions","url":"https:\/\/museal.com\/fr\/","logo":{"@type":"ImageObject","inLanguage":"fr-FR","@id":"https:\/\/museal.com\/fr\/#\/schema\/logo\/image\/","url":"https:\/\/museal.com\/wp-content\/uploads\/2021\/05\/logo-e1621950424453.jpg","contentUrl":"https:\/\/museal.com\/wp-content\/uploads\/2021\/05\/logo-e1621950424453.jpg","width":732,"height":574,"caption":"Museal Editions"},"image":{"@id":"https:\/\/museal.com\/fr\/#\/schema\/logo\/image\/"}}]}},"_links":{"self":[{"href":"https:\/\/museal.com\/fr\/wp-json\/wp\/v2\/pages\/3659","targetHints":{"allow":["GET"]}}],"collection":[{"href":"https:\/\/museal.com\/fr\/wp-json\/wp\/v2\/pages"}],"about":[{"href":"https:\/\/museal.com\/fr\/wp-json\/wp\/v2\/types\/page"}],"author":[{"embeddable":true,"href":"https:\/\/museal.com\/fr\/wp-json\/wp\/v2\/users\/8"}],"replies":[{"embeddable":true,"href":"https:\/\/museal.com\/fr\/wp-json\/wp\/v2\/comments?post=3659"}],"version-history":[{"count":6,"href":"https:\/\/museal.com\/fr\/wp-json\/wp\/v2\/pages\/3659\/revisions"}],"predecessor-version":[{"id":11982,"href":"https:\/\/museal.com\/fr\/wp-json\/wp\/v2\/pages\/3659\/revisions\/11982"}],"wp:attachment":[{"href":"https:\/\/museal.com\/fr\/wp-json\/wp\/v2\/media?parent=3659"}],"curies":[{"name":"wp","href":"https:\/\/api.w.org\/{rel}","templated":true}]}}

<div class="wpb-content-wrapper"><p>[vc_row][vc_column][vc_column_text]</p>
<p>Les éditions MUSEAL diffusent régulièrement des communiqués de presse sur les nouvelles éditions d&#8217;objets inspirés du Patrimoine luxembourgeois, les expositions et évènements qui y sont associés. Vous pouvez accéder aux derniers communiqués publiés en cliquant ici : <a href="https://boutique.museal.com/html/communiques" target="_blank" rel="noopener">Archives communiqués de presse</a></p>
<p>Pour plus d&#8217;informations, ou vous abonner aux communiqués de presse, Contact presse : Pierre-Antoine LAURENT, +352 465960, <a href="mailto:pal@museal.com">pal@museal.com</a></p>
<p>Ils parlent de nous:</p>
<p>[/vc_column_text][/vc_column][/vc_row][vc_row][vc_column][vc_masonry_grid post_type=&#8221;post&#8221; max_items=&#8221;1000&#8243; style=&#8221;load-more&#8221; item=&#8221;mediaGrid_BlurWithContentBlock&#8221; btn_title=&#8221;Plus&#8221; btn_style=&#8221;modern&#8221; btn_color=&#8221;default&#8221; grid_id=&#8221;vc_gid:1631000577089-ca4f32cc9a2b40be5bcd45c4602fca3e-6&#8243;][/vc_column][/vc_row]</p>
</div>

<p>[vc_row][vc_column][vc_column_text] Les éditions MUSEAL diffusent régulièrement des communiqués de presse sur les nouvelles éditions d&#8217;objets inspirés du Patrimoine luxembourgeois, les expositions et évènements qui y sont associés. Vous pouvez accéder aux derniers communiqués publiés en cliquant ici : Archives communiqués de presse Pour plus d&#8217;informations, ou vous abonner aux communiqués de presse, Contact presse : [&hellip;]</p>

<!-- This site is optimized with the Yoast SEO plugin v27.3 - https://yoast.com/product/yoast-seo-wordpress/ -->
<title>Presse - Museal Editions</title>
<meta name="robots" content="index, follow, max-snippet:-1, max-image-preview:large, max-video-preview:-1" />
<link rel="canonical" href="https://museal.com/fr/presse/" />
<meta property="og:locale" content="fr_FR" />
<meta property="og:type" content="article" />
<meta property="og:title" content="Presse - Museal Editions" />
<meta property="og:description" content="[vc_row][vc_column][vc_column_text] Les éditions MUSEAL diffusent régulièrement des communiqués de presse sur les nouvelles éditions d&#8217;objets inspirés du Patrimoine luxembourgeois, les expositions et évènements qui y sont associés. Vous pouvez accéder aux derniers communiqués publiés en cliquant ici : Archives communiqués de presse Pour plus d&#8217;informations, ou vous abonner aux communiqués de presse, Contact presse : [&hellip;]" />
<meta property="og:url" content="https://museal.com/fr/presse/" />
<meta property="og:site_name" content="Museal Editions" />
<meta property="article:modified_time" content="2021-09-07T07:43:59+00:00" />
<meta name="twitter:card" content="summary_large_image" />
<script type="application/ld+json" class="yoast-schema-graph">{"@context":"https:\/\/schema.org","@graph":[{"@type":"WebPage","@id":"https:\/\/museal.com\/fr\/presse\/","url":"https:\/\/museal.com\/fr\/presse\/","name":"Presse - Museal Editions","isPartOf":{"@id":"https:\/\/museal.com\/fr\/#website"},"datePublished":"2021-05-25T14:33:10+00:00","dateModified":"2021-09-07T07:43:59+00:00","breadcrumb":{"@id":"https:\/\/museal.com\/fr\/presse\/#breadcrumb"},"inLanguage":"fr-FR","potentialAction":[{"@type":"ReadAction","target":["https:\/\/museal.com\/fr\/presse\/"]}]},{"@type":"BreadcrumbList","@id":"https:\/\/museal.com\/fr\/presse\/#breadcrumb","itemListElement":[{"@type":"ListItem","position":1,"name":"Accueil","item":"https:\/\/museal.com\/fr\/"},{"@type":"ListItem","position":2,"name":"Presse"}]},{"@type":"WebSite","@id":"https:\/\/museal.com\/fr\/#website","url":"https:\/\/museal.com\/fr\/","name":"Museal Editions","description":"Objets d&#039;art et de décoration inspirés du Patrimoine luxembourgeois","publisher":{"@id":"https:\/\/museal.com\/fr\/#organization"},"potentialAction":[{"@type":"SearchAction","target":{"@type":"EntryPoint","urlTemplate":"https:\/\/museal.com\/fr\/?s={search_term_string}"},"query-input":{"@type":"PropertyValueSpecification","valueRequired":true,"valueName":"search_term_string"}}],"inLanguage":"fr-FR"},{"@type":"Organization","@id":"https:\/\/museal.com\/fr\/#organization","name":"Museal Editions","url":"https:\/\/museal.com\/fr\/","logo":{"@type":"ImageObject","inLanguage":"fr-FR","@id":"https:\/\/museal.com\/fr\/#\/schema\/logo\/image\/","url":"https:\/\/museal.com\/wp-content\/uploads\/2021\/05\/logo-e1621950424453.jpg","contentUrl":"https:\/\/museal.com\/wp-content\/uploads\/2021\/05\/logo-e1621950424453.jpg","width":732,"height":574,"caption":"Museal Editions"},"image":{"@id":"https:\/\/museal.com\/fr\/#\/schema\/logo\/image\/"}}]}</script>
<!-- / Yoast SEO plugin. -->

[vc_row][vc_column][vc_column_text] Les éditions MUSEAL diffusent régulièrement des communiqués de presse sur les nouvelles éditions d&#8217;objets inspirés du Patrimoine luxembourgeois, les expositions et évènements qui y sont associés. Vous pouvez accéder aux derniers communiqués publiés en cliquant ici : Archives communiqués de presse Pour plus d&#8217;informations, ou vous abonner aux communiqués de presse, Contact presse : [&hellip;]

Objets d&#039;art et de décoration inspirés du Patrimoine luxembourgeois
