{"id":12449,"date":"2022-01-20T17:29:23","date_gmt":"2022-01-20T16:29:23","guid":{"rendered":"https:\/\/shop.museal.com\/?post_type=product&#038;p=12449"},"modified":"2025-01-27T11:21:40","modified_gmt":"2025-01-27T10:21:40","slug":"le-sceau-equestre-de-jean-laveugle-1310-1346","status":"publish","type":"product","link":"https:\/\/museal.com\/fr\/produit\/le-sceau-equestre-de-jean-laveugle-1310-1346\/","title":{"rendered":"Le &#8221; Sceau \u00c9questre &#8221; de Jean L&#8217;aveugle (1310-1346)"},"content":{"rendered":"<p>Jean L&#8217;Aveugle (1296- 1346), Comte de Luxembourg et Roi de Boh\u00e8me, n\u00e9 \u00e0 l&#8217;Abbaye d&#8217;Altmunster et mort en combattant \u00e0 la bataille de Cr\u00e9cy.Yvette Gastauer a mis tout son talent au service de la c\u00e9l\u00e9bration de ce personnage haut en couleurs, repr\u00e9sent\u00e9 en posture de combattant, parmi ses soldats. Le revers porte l&#8217;inscription \\&#8221; Jean l&#8217;Aveugle roi de Boh\u00e8me Comte de Luxembourg&#8221;<\/p>\n","protected":false},"excerpt":{"rendered":"<div>\u00a0&#8221; Sceau \u00c9questre &#8221; de Jean L&#8217;aveugle (1310-1346) coul\u00e9 en bronze d&#8217;art \u00e0 partir de la collection du Mus\u00e9e du Sceau \u00e0 Strasbourg.<\/div>\n<div>Diam\u00e8tre : 88mm, poids : 200g.<\/div>\n","protected":false},"featured_media":13780,"template":"","meta":[],"product_brand":[],"product_cat":[89],"product_tag":[],"class_list":{"0":"post-12449","1":"product","2":"type-product","3":"status-publish","4":"has-post-thumbnail","6":"product_cat-sculptures-et-bronzes-d-art","8":"first","9":"instock","10":"taxable","11":"shipping-taxable","12":"purchasable","13":"product-type-simple"},"yoast_head":"<!-- This site is optimized with the Yoast SEO plugin v27.3 - https:\/\/yoast.com\/product\/yoast-seo-wordpress\/ -->\n<title>Le &quot; Sceau \u00c9questre &quot; de Jean L&#039;aveugle (1310-1346) - Museal Editions<\/title>\n<meta name=\"description\" content=\"\u00a0&quot; Sceau \u00c9questre &quot; de Jean L&#039;aveugle (1310-1346) coul\u00e9 en bronze d&#039;art \u00e0 partir de la collection du Mus\u00e9e du Sceau \u00e0 Strasbourg.\" \/>\n<meta name=\"robots\" content=\"index, follow, max-snippet:-1, max-image-preview:large, max-video-preview:-1\" \/>\n<link rel=\"canonical\" href=\"https:\/\/museal.com\/fr\/produit\/le-sceau-equestre-de-jean-laveugle-1310-1346\/\" \/>\n<meta property=\"og:locale\" content=\"fr_FR\" \/>\n<meta property=\"og:type\" content=\"article\" \/>\n<meta property=\"og:title\" content=\"Le &quot; Sceau \u00c9questre &quot; de Jean L&#039;aveugle (1310-1346) - Museal Editions\" \/>\n<meta property=\"og:description\" content=\"\u00a0&quot; Sceau \u00c9questre &quot; de Jean L&#039;aveugle (1310-1346) coul\u00e9 en bronze d&#039;art \u00e0 partir de la collection du Mus\u00e9e du Sceau \u00e0 Strasbourg.\" \/>\n<meta property=\"og:url\" content=\"https:\/\/museal.com\/fr\/produit\/le-sceau-equestre-de-jean-laveugle-1310-1346\/\" \/>\n<meta property=\"og:site_name\" content=\"Museal Editions\" \/>\n<meta property=\"article:modified_time\" content=\"2025-01-27T10:21:40+00:00\" \/>\n<meta property=\"og:image\" content=\"https:\/\/museal.com\/wp-content\/uploads\/2022\/01\/sceau-equestre-768x1024.png\" \/>\n\t<meta property=\"og:image:width\" content=\"768\" \/>\n\t<meta property=\"og:image:height\" content=\"1024\" \/>\n\t<meta property=\"og:image:type\" content=\"image\/png\" \/>\n<meta name=\"twitter:card\" content=\"summary_large_image\" \/>\n<script type=\"application\/ld+json\" class=\"yoast-schema-graph\">{\"@context\":\"https:\\\/\\\/schema.org\",\"@graph\":[{\"@type\":\"WebPage\",\"@id\":\"https:\\\/\\\/museal.com\\\/fr\\\/produit\\\/le-sceau-equestre-de-jean-laveugle-1310-1346\\\/\",\"url\":\"https:\\\/\\\/museal.com\\\/fr\\\/produit\\\/le-sceau-equestre-de-jean-laveugle-1310-1346\\\/\",\"name\":\"Le \\\" Sceau \u00c9questre \\\" de Jean L'aveugle (1310-1346) - Museal Editions\",\"isPartOf\":{\"@id\":\"https:\\\/\\\/museal.com\\\/fr\\\/#website\"},\"primaryImageOfPage\":{\"@id\":\"https:\\\/\\\/museal.com\\\/fr\\\/produit\\\/le-sceau-equestre-de-jean-laveugle-1310-1346\\\/#primaryimage\"},\"image\":{\"@id\":\"https:\\\/\\\/museal.com\\\/fr\\\/produit\\\/le-sceau-equestre-de-jean-laveugle-1310-1346\\\/#primaryimage\"},\"thumbnailUrl\":\"https:\\\/\\\/museal.com\\\/wp-content\\\/uploads\\\/2022\\\/01\\\/sceau-equestre.png\",\"datePublished\":\"2022-01-20T16:29:23+00:00\",\"dateModified\":\"2025-01-27T10:21:40+00:00\",\"description\":\"\u00a0\\\" Sceau \u00c9questre \\\" de Jean L'aveugle (1310-1346) coul\u00e9 en bronze d'art \u00e0 partir de la collection du Mus\u00e9e du Sceau \u00e0 Strasbourg.\",\"breadcrumb\":{\"@id\":\"https:\\\/\\\/museal.com\\\/fr\\\/produit\\\/le-sceau-equestre-de-jean-laveugle-1310-1346\\\/#breadcrumb\"},\"inLanguage\":\"fr-FR\",\"potentialAction\":[{\"@type\":\"ReadAction\",\"target\":[\"https:\\\/\\\/museal.com\\\/fr\\\/produit\\\/le-sceau-equestre-de-jean-laveugle-1310-1346\\\/\"]}]},{\"@type\":\"ImageObject\",\"inLanguage\":\"fr-FR\",\"@id\":\"https:\\\/\\\/museal.com\\\/fr\\\/produit\\\/le-sceau-equestre-de-jean-laveugle-1310-1346\\\/#primaryimage\",\"url\":\"https:\\\/\\\/museal.com\\\/wp-content\\\/uploads\\\/2022\\\/01\\\/sceau-equestre.png\",\"contentUrl\":\"https:\\\/\\\/museal.com\\\/wp-content\\\/uploads\\\/2022\\\/01\\\/sceau-equestre.png\",\"width\":1500,\"height\":2000},{\"@type\":\"BreadcrumbList\",\"@id\":\"https:\\\/\\\/museal.com\\\/fr\\\/produit\\\/le-sceau-equestre-de-jean-laveugle-1310-1346\\\/#breadcrumb\",\"itemListElement\":[{\"@type\":\"ListItem\",\"position\":1,\"name\":\"Accueil\",\"item\":\"https:\\\/\\\/museal.com\\\/fr\\\/\"},{\"@type\":\"ListItem\",\"position\":2,\"name\":\"Boutique\",\"item\":\"https:\\\/\\\/museal.com\\\/fr\\\/boutique\\\/\"},{\"@type\":\"ListItem\",\"position\":3,\"name\":\"Le &#8221; Sceau \u00c9questre &#8221; de Jean L&#8217;aveugle (1310-1346)\"}]},{\"@type\":\"WebSite\",\"@id\":\"https:\\\/\\\/museal.com\\\/fr\\\/#website\",\"url\":\"https:\\\/\\\/museal.com\\\/fr\\\/\",\"name\":\"Museal Editions\",\"description\":\"Objets d&#039;art et de d\u00e9coration inspir\u00e9s du Patrimoine luxembourgeois\",\"publisher\":{\"@id\":\"https:\\\/\\\/museal.com\\\/fr\\\/#organization\"},\"potentialAction\":[{\"@type\":\"SearchAction\",\"target\":{\"@type\":\"EntryPoint\",\"urlTemplate\":\"https:\\\/\\\/museal.com\\\/fr\\\/?s={search_term_string}\"},\"query-input\":{\"@type\":\"PropertyValueSpecification\",\"valueRequired\":true,\"valueName\":\"search_term_string\"}}],\"inLanguage\":\"fr-FR\"},{\"@type\":\"Organization\",\"@id\":\"https:\\\/\\\/museal.com\\\/fr\\\/#organization\",\"name\":\"Museal Editions\",\"url\":\"https:\\\/\\\/museal.com\\\/fr\\\/\",\"logo\":{\"@type\":\"ImageObject\",\"inLanguage\":\"fr-FR\",\"@id\":\"https:\\\/\\\/museal.com\\\/fr\\\/#\\\/schema\\\/logo\\\/image\\\/\",\"url\":\"https:\\\/\\\/museal.com\\\/wp-content\\\/uploads\\\/2021\\\/05\\\/logo-e1621950424453.jpg\",\"contentUrl\":\"https:\\\/\\\/museal.com\\\/wp-content\\\/uploads\\\/2021\\\/05\\\/logo-e1621950424453.jpg\",\"width\":732,\"height\":574,\"caption\":\"Museal Editions\"},\"image\":{\"@id\":\"https:\\\/\\\/museal.com\\\/fr\\\/#\\\/schema\\\/logo\\\/image\\\/\"}}]}<\/script>\n<!-- \/ Yoast SEO plugin. -->","yoast_head_json":{"title":"Le \" Sceau \u00c9questre \" de Jean L'aveugle (1310-1346) - Museal Editions","description":"\u00a0\" Sceau \u00c9questre \" de Jean L'aveugle (1310-1346) coul\u00e9 en bronze d'art \u00e0 partir de la collection du Mus\u00e9e du Sceau \u00e0 Strasbourg.","robots":{"index":"index","follow":"follow","max-snippet":"max-snippet:-1","max-image-preview":"max-image-preview:large","max-video-preview":"max-video-preview:-1"},"canonical":"https:\/\/museal.com\/fr\/produit\/le-sceau-equestre-de-jean-laveugle-1310-1346\/","og_locale":"fr_FR","og_type":"article","og_title":"Le \" Sceau \u00c9questre \" de Jean L'aveugle (1310-1346) - Museal Editions","og_description":"\u00a0\" Sceau \u00c9questre \" de Jean L'aveugle (1310-1346) coul\u00e9 en bronze d'art \u00e0 partir de la collection du Mus\u00e9e du Sceau \u00e0 Strasbourg.","og_url":"https:\/\/museal.com\/fr\/produit\/le-sceau-equestre-de-jean-laveugle-1310-1346\/","og_site_name":"Museal Editions","article_modified_time":"2025-01-27T10:21:40+00:00","og_image":[{"width":768,"height":1024,"url":"https:\/\/museal.com\/wp-content\/uploads\/2022\/01\/sceau-equestre-768x1024.png","type":"image\/png"}],"twitter_card":"summary_large_image","schema":{"@context":"https:\/\/schema.org","@graph":[{"@type":"WebPage","@id":"https:\/\/museal.com\/fr\/produit\/le-sceau-equestre-de-jean-laveugle-1310-1346\/","url":"https:\/\/museal.com\/fr\/produit\/le-sceau-equestre-de-jean-laveugle-1310-1346\/","name":"Le \" Sceau \u00c9questre \" de Jean L'aveugle (1310-1346) - Museal Editions","isPartOf":{"@id":"https:\/\/museal.com\/fr\/#website"},"primaryImageOfPage":{"@id":"https:\/\/museal.com\/fr\/produit\/le-sceau-equestre-de-jean-laveugle-1310-1346\/#primaryimage"},"image":{"@id":"https:\/\/museal.com\/fr\/produit\/le-sceau-equestre-de-jean-laveugle-1310-1346\/#primaryimage"},"thumbnailUrl":"https:\/\/museal.com\/wp-content\/uploads\/2022\/01\/sceau-equestre.png","datePublished":"2022-01-20T16:29:23+00:00","dateModified":"2025-01-27T10:21:40+00:00","description":"\u00a0\" Sceau \u00c9questre \" de Jean L'aveugle (1310-1346) coul\u00e9 en bronze d'art \u00e0 partir de la collection du Mus\u00e9e du Sceau \u00e0 Strasbourg.","breadcrumb":{"@id":"https:\/\/museal.com\/fr\/produit\/le-sceau-equestre-de-jean-laveugle-1310-1346\/#breadcrumb"},"inLanguage":"fr-FR","potentialAction":[{"@type":"ReadAction","target":["https:\/\/museal.com\/fr\/produit\/le-sceau-equestre-de-jean-laveugle-1310-1346\/"]}]},{"@type":"ImageObject","inLanguage":"fr-FR","@id":"https:\/\/museal.com\/fr\/produit\/le-sceau-equestre-de-jean-laveugle-1310-1346\/#primaryimage","url":"https:\/\/museal.com\/wp-content\/uploads\/2022\/01\/sceau-equestre.png","contentUrl":"https:\/\/museal.com\/wp-content\/uploads\/2022\/01\/sceau-equestre.png","width":1500,"height":2000},{"@type":"BreadcrumbList","@id":"https:\/\/museal.com\/fr\/produit\/le-sceau-equestre-de-jean-laveugle-1310-1346\/#breadcrumb","itemListElement":[{"@type":"ListItem","position":1,"name":"Accueil","item":"https:\/\/museal.com\/fr\/"},{"@type":"ListItem","position":2,"name":"Boutique","item":"https:\/\/museal.com\/fr\/boutique\/"},{"@type":"ListItem","position":3,"name":"Le &#8221; Sceau \u00c9questre &#8221; de Jean L&#8217;aveugle (1310-1346)"}]},{"@type":"WebSite","@id":"https:\/\/museal.com\/fr\/#website","url":"https:\/\/museal.com\/fr\/","name":"Museal Editions","description":"Objets d&#039;art et de d\u00e9coration inspir\u00e9s du Patrimoine luxembourgeois","publisher":{"@id":"https:\/\/museal.com\/fr\/#organization"},"potentialAction":[{"@type":"SearchAction","target":{"@type":"EntryPoint","urlTemplate":"https:\/\/museal.com\/fr\/?s={search_term_string}"},"query-input":{"@type":"PropertyValueSpecification","valueRequired":true,"valueName":"search_term_string"}}],"inLanguage":"fr-FR"},{"@type":"Organization","@id":"https:\/\/museal.com\/fr\/#organization","name":"Museal Editions","url":"https:\/\/museal.com\/fr\/","logo":{"@type":"ImageObject","inLanguage":"fr-FR","@id":"https:\/\/museal.com\/fr\/#\/schema\/logo\/image\/","url":"https:\/\/museal.com\/wp-content\/uploads\/2021\/05\/logo-e1621950424453.jpg","contentUrl":"https:\/\/museal.com\/wp-content\/uploads\/2021\/05\/logo-e1621950424453.jpg","width":732,"height":574,"caption":"Museal Editions"},"image":{"@id":"https:\/\/museal.com\/fr\/#\/schema\/logo\/image\/"}}]}},"_links":{"self":[{"href":"https:\/\/museal.com\/fr\/wp-json\/wp\/v2\/product\/12449","targetHints":{"allow":["GET"]}}],"collection":[{"href":"https:\/\/museal.com\/fr\/wp-json\/wp\/v2\/product"}],"about":[{"href":"https:\/\/museal.com\/fr\/wp-json\/wp\/v2\/types\/product"}],"wp:featuredmedia":[{"embeddable":true,"href":"https:\/\/museal.com\/fr\/wp-json\/wp\/v2\/media\/13780"}],"wp:attachment":[{"href":"https:\/\/museal.com\/fr\/wp-json\/wp\/v2\/media?parent=12449"}],"wp:term":[{"taxonomy":"product_brand","embeddable":true,"href":"https:\/\/museal.com\/fr\/wp-json\/wp\/v2\/product_brand?post=12449"},{"taxonomy":"product_cat","embeddable":true,"href":"https:\/\/museal.com\/fr\/wp-json\/wp\/v2\/product_cat?post=12449"},{"taxonomy":"product_tag","embeddable":true,"href":"https:\/\/museal.com\/fr\/wp-json\/wp\/v2\/product_tag?post=12449"}],"curies":[{"name":"wp","href":"https:\/\/api.w.org\/{rel}","templated":true}]}}

Le &#8221; Sceau Équestre &#8221; de Jean L&#8217;aveugle (1310-1346)

<p>Jean L&#8217;Aveugle (1296- 1346), Comte de Luxembourg et Roi de Bohème, né à l&#8217;Abbaye d&#8217;Altmunster et mort en combattant à la bataille de Crécy.Yvette Gastauer a mis tout son talent au service de la célébration de ce personnage haut en couleurs, représenté en posture de combattant, parmi ses soldats. Le revers porte l&#8217;inscription \&#8221; Jean l&#8217;Aveugle roi de Bohème Comte de Luxembourg&#8221;</p>

<div> &#8221; Sceau Équestre &#8221; de Jean L&#8217;aveugle (1310-1346) coulé en bronze d&#8217;art à partir de la collection du Musée du Sceau à Strasbourg.</div>
<div>Diamètre : 88mm, poids : 200g.</div>

<!-- This site is optimized with the Yoast SEO plugin v27.3 - https://yoast.com/product/yoast-seo-wordpress/ -->
<title>Le &quot; Sceau Équestre &quot; de Jean L&#039;aveugle (1310-1346) - Museal Editions</title>
<meta name="description" content=" &quot; Sceau Équestre &quot; de Jean L&#039;aveugle (1310-1346) coulé en bronze d&#039;art à partir de la collection du Musée du Sceau à Strasbourg." />
<meta name="robots" content="index, follow, max-snippet:-1, max-image-preview:large, max-video-preview:-1" />
<link rel="canonical" href="https://museal.com/fr/produit/le-sceau-equestre-de-jean-laveugle-1310-1346/" />
<meta property="og:locale" content="fr_FR" />
<meta property="og:type" content="article" />
<meta property="og:title" content="Le &quot; Sceau Équestre &quot; de Jean L&#039;aveugle (1310-1346) - Museal Editions" />
<meta property="og:description" content=" &quot; Sceau Équestre &quot; de Jean L&#039;aveugle (1310-1346) coulé en bronze d&#039;art à partir de la collection du Musée du Sceau à Strasbourg." />
<meta property="og:url" content="https://museal.com/fr/produit/le-sceau-equestre-de-jean-laveugle-1310-1346/" />
<meta property="og:site_name" content="Museal Editions" />
<meta property="article:modified_time" content="2025-01-27T10:21:40+00:00" />
<meta property="og:image" content="https://museal.com/wp-content/uploads/2022/01/sceau-equestre-768x1024.png" />
	<meta property="og:image:width" content="768" />
	<meta property="og:image:height" content="1024" />
	<meta property="og:image:type" content="image/png" />
<meta name="twitter:card" content="summary_large_image" />
<script type="application/ld+json" class="yoast-schema-graph">{"@context":"https:\/\/schema.org","@graph":[{"@type":"WebPage","@id":"https:\/\/museal.com\/fr\/produit\/le-sceau-equestre-de-jean-laveugle-1310-1346\/","url":"https:\/\/museal.com\/fr\/produit\/le-sceau-equestre-de-jean-laveugle-1310-1346\/","name":"Le \" Sceau Équestre \" de Jean L'aveugle (1310-1346) - Museal Editions","isPartOf":{"@id":"https:\/\/museal.com\/fr\/#website"},"primaryImageOfPage":{"@id":"https:\/\/museal.com\/fr\/produit\/le-sceau-equestre-de-jean-laveugle-1310-1346\/#primaryimage"},"image":{"@id":"https:\/\/museal.com\/fr\/produit\/le-sceau-equestre-de-jean-laveugle-1310-1346\/#primaryimage"},"thumbnailUrl":"https:\/\/museal.com\/wp-content\/uploads\/2022\/01\/sceau-equestre.png","datePublished":"2022-01-20T16:29:23+00:00","dateModified":"2025-01-27T10:21:40+00:00","description":" \" Sceau Équestre \" de Jean L'aveugle (1310-1346) coulé en bronze d'art à partir de la collection du Musée du Sceau à Strasbourg.","breadcrumb":{"@id":"https:\/\/museal.com\/fr\/produit\/le-sceau-equestre-de-jean-laveugle-1310-1346\/#breadcrumb"},"inLanguage":"fr-FR","potentialAction":[{"@type":"ReadAction","target":["https:\/\/museal.com\/fr\/produit\/le-sceau-equestre-de-jean-laveugle-1310-1346\/"]}]},{"@type":"ImageObject","inLanguage":"fr-FR","@id":"https:\/\/museal.com\/fr\/produit\/le-sceau-equestre-de-jean-laveugle-1310-1346\/#primaryimage","url":"https:\/\/museal.com\/wp-content\/uploads\/2022\/01\/sceau-equestre.png","contentUrl":"https:\/\/museal.com\/wp-content\/uploads\/2022\/01\/sceau-equestre.png","width":1500,"height":2000},{"@type":"BreadcrumbList","@id":"https:\/\/museal.com\/fr\/produit\/le-sceau-equestre-de-jean-laveugle-1310-1346\/#breadcrumb","itemListElement":[{"@type":"ListItem","position":1,"name":"Accueil","item":"https:\/\/museal.com\/fr\/"},{"@type":"ListItem","position":2,"name":"Boutique","item":"https:\/\/museal.com\/fr\/boutique\/"},{"@type":"ListItem","position":3,"name":"Le &#8221; Sceau Équestre &#8221; de Jean L&#8217;aveugle (1310-1346)"}]},{"@type":"WebSite","@id":"https:\/\/museal.com\/fr\/#website","url":"https:\/\/museal.com\/fr\/","name":"Museal Editions","description":"Objets d&#039;art et de décoration inspirés du Patrimoine luxembourgeois","publisher":{"@id":"https:\/\/museal.com\/fr\/#organization"},"potentialAction":[{"@type":"SearchAction","target":{"@type":"EntryPoint","urlTemplate":"https:\/\/museal.com\/fr\/?s={search_term_string}"},"query-input":{"@type":"PropertyValueSpecification","valueRequired":true,"valueName":"search_term_string"}}],"inLanguage":"fr-FR"},{"@type":"Organization","@id":"https:\/\/museal.com\/fr\/#organization","name":"Museal Editions","url":"https:\/\/museal.com\/fr\/","logo":{"@type":"ImageObject","inLanguage":"fr-FR","@id":"https:\/\/museal.com\/fr\/#\/schema\/logo\/image\/","url":"https:\/\/museal.com\/wp-content\/uploads\/2021\/05\/logo-e1621950424453.jpg","contentUrl":"https:\/\/museal.com\/wp-content\/uploads\/2021\/05\/logo-e1621950424453.jpg","width":732,"height":574,"caption":"Museal Editions"},"image":{"@id":"https:\/\/museal.com\/fr\/#\/schema\/logo\/image\/"}}]}</script>
<!-- / Yoast SEO plugin. -->

Le " Sceau Équestre " de Jean L'aveugle (1310-1346) - Museal Editions

" Sceau Équestre " de Jean L'aveugle (1310-1346) coulé en bronze d'art à partir de la collection du Musée du Sceau à Strasbourg.

Objets d&#039;art et de décoration inspirés du Patrimoine luxembourgeois
