{"id":12487,"date":"2022-01-21T10:21:56","date_gmt":"2022-01-21T09:21:56","guid":{"rendered":"https:\/\/shop.museal.com\/?post_type=product&#038;p=12487"},"modified":"2025-12-02T11:02:25","modified_gmt":"2025-12-02T10:02:25","slug":"la-fibule-de-diekirch","status":"publish","type":"product","link":"https:\/\/museal.com\/fr\/produit\/la-fibule-de-diekirch\/","title":{"rendered":"La Fibule de Diekirch"},"content":{"rendered":"<p>La fibule de Diekirch est l&#8217;un des tr\u00e9sors arch\u00e9ologiques du Grand Duch\u00e9 de Luxembourg. Conserv\u00e9e et expos\u00e9e au Mus\u00e9e National d&#8217;Histoire et d&#8217;Art de Luxembourg, cette broche disco\u00efde M\u00e9rovingienne datant de la deuxi\u00e8me moiti\u00e9 du VII\u00e8me si\u00e8cle apr\u00e8s J-C a \u00e9t\u00e9 d\u00e9couverte sur le site de l&#8217;\u00e9glise St Laurent, \u00e0 Diekirch, en 1992. Il s&#8217;agit de la premi\u00e8re preuve que l&#8217;\u00e9difice gallo-romain fut, d\u00e8s le milieu du VII\u00e8me si\u00e8cle, utilis\u00e9 comme une \u00e9glise. La fibule originale est en bronze, recouverte d&#8217;une \u00e9paisse feuille d&#8217;or, d\u00e9cor\u00e9e de 4 grenats almandins et cercl\u00e9e d&#8217;un rang de fines perles d&#8217;or. Elle servait probablement de bijou de c\u00e9r\u00e9monie. R\u00e9alis\u00e9e en partenariat avec le Mus\u00e9e National d&#8217;Histoire et d&#8217;Art de Luxembourg, cette broche-pendentif est en laiton dor\u00e9 \u00e0 l&#8217;or fin 18 carats, incrust\u00e9e de r\u00e9sines color\u00e9es. Ce bijou respecte chaque d\u00e9tail de l&#8217;\u0153uvre originale et la fait revivre apr\u00e8s 14 si\u00e8cles de sommeil.<\/p>\n","protected":false},"excerpt":{"rendered":"<p>Fibule de Diekirch en laiton dor\u00e9 \u00e0 l&#8217;or fin 18 carats, incrust\u00e9e de r\u00e9sines couleur grenat.<\/p>\n<p>Une version en or massif 18 carats et grenats incrust\u00e9s, num\u00e9rot\u00e9e sur 50 exemplaires, est \u00e9galement disponible sur commande (d\u00e9lai 3 mois)<\/p>\n<p>Diam\u00e8tre: 33mm.<\/p>\n","protected":false},"featured_media":13896,"template":"","meta":[],"product_brand":[],"product_cat":[91],"product_tag":[],"class_list":{"0":"post-12487","1":"product","2":"type-product","3":"status-publish","4":"has-post-thumbnail","6":"product_cat-bijoux-pour-elle","8":"first","9":"instock","10":"taxable","11":"shipping-taxable","12":"purchasable","13":"product-type-variable"},"yoast_head":"<!-- This site is optimized with the Yoast SEO plugin v27.3 - https:\/\/yoast.com\/product\/yoast-seo-wordpress\/ -->\n<title>La Fibule de Diekirch - Museal Editions<\/title>\n<meta name=\"description\" content=\"Fibule de Diekirch (l&#039;un des tr\u00e9sors arch\u00e9ologiques du Luxembourg) en laiton dor\u00e9 \u00e0 l&#039;or fin 18 carats, incrust\u00e9e de r\u00e9sines couleur grenat.\" \/>\n<meta name=\"robots\" content=\"index, follow, max-snippet:-1, max-image-preview:large, max-video-preview:-1\" \/>\n<link rel=\"canonical\" href=\"https:\/\/museal.com\/fr\/produit\/la-fibule-de-diekirch\/\" \/>\n<meta property=\"og:locale\" content=\"fr_FR\" \/>\n<meta property=\"og:type\" content=\"article\" \/>\n<meta property=\"og:title\" content=\"La Fibule de Diekirch - Museal Editions\" \/>\n<meta property=\"og:description\" content=\"Fibule de Diekirch (l&#039;un des tr\u00e9sors arch\u00e9ologiques du Luxembourg) en laiton dor\u00e9 \u00e0 l&#039;or fin 18 carats, incrust\u00e9e de r\u00e9sines couleur grenat.\" \/>\n<meta property=\"og:url\" content=\"https:\/\/museal.com\/fr\/produit\/la-fibule-de-diekirch\/\" \/>\n<meta property=\"og:site_name\" content=\"Museal Editions\" \/>\n<meta property=\"article:modified_time\" content=\"2025-12-02T10:02:25+00:00\" \/>\n<meta property=\"og:image\" content=\"https:\/\/museal.com\/wp-content\/uploads\/2022\/01\/La-Fibule-de-Diekirch.jpg\" \/>\n\t<meta property=\"og:image:width\" content=\"1500\" \/>\n\t<meta property=\"og:image:height\" content=\"2000\" \/>\n\t<meta property=\"og:image:type\" content=\"image\/jpeg\" \/>\n<meta name=\"twitter:card\" content=\"summary_large_image\" \/>\n<script type=\"application\/ld+json\" class=\"yoast-schema-graph\">{\"@context\":\"https:\\\/\\\/schema.org\",\"@graph\":[{\"@type\":\"WebPage\",\"@id\":\"https:\\\/\\\/museal.com\\\/fr\\\/produit\\\/la-fibule-de-diekirch\\\/\",\"url\":\"https:\\\/\\\/museal.com\\\/fr\\\/produit\\\/la-fibule-de-diekirch\\\/\",\"name\":\"La Fibule de Diekirch - Museal Editions\",\"isPartOf\":{\"@id\":\"https:\\\/\\\/museal.com\\\/fr\\\/#website\"},\"primaryImageOfPage\":{\"@id\":\"https:\\\/\\\/museal.com\\\/fr\\\/produit\\\/la-fibule-de-diekirch\\\/#primaryimage\"},\"image\":{\"@id\":\"https:\\\/\\\/museal.com\\\/fr\\\/produit\\\/la-fibule-de-diekirch\\\/#primaryimage\"},\"thumbnailUrl\":\"https:\\\/\\\/museal.com\\\/wp-content\\\/uploads\\\/2022\\\/01\\\/La-Fibule-de-Diekirch.jpg\",\"datePublished\":\"2022-01-21T09:21:56+00:00\",\"dateModified\":\"2025-12-02T10:02:25+00:00\",\"description\":\"Fibule de Diekirch (l'un des tr\u00e9sors arch\u00e9ologiques du Luxembourg) en laiton dor\u00e9 \u00e0 l'or fin 18 carats, incrust\u00e9e de r\u00e9sines couleur grenat.\",\"breadcrumb\":{\"@id\":\"https:\\\/\\\/museal.com\\\/fr\\\/produit\\\/la-fibule-de-diekirch\\\/#breadcrumb\"},\"inLanguage\":\"fr-FR\",\"potentialAction\":[{\"@type\":\"ReadAction\",\"target\":[\"https:\\\/\\\/museal.com\\\/fr\\\/produit\\\/la-fibule-de-diekirch\\\/\"]}]},{\"@type\":\"ImageObject\",\"inLanguage\":\"fr-FR\",\"@id\":\"https:\\\/\\\/museal.com\\\/fr\\\/produit\\\/la-fibule-de-diekirch\\\/#primaryimage\",\"url\":\"https:\\\/\\\/museal.com\\\/wp-content\\\/uploads\\\/2022\\\/01\\\/La-Fibule-de-Diekirch.jpg\",\"contentUrl\":\"https:\\\/\\\/museal.com\\\/wp-content\\\/uploads\\\/2022\\\/01\\\/La-Fibule-de-Diekirch.jpg\",\"width\":1500,\"height\":2000},{\"@type\":\"BreadcrumbList\",\"@id\":\"https:\\\/\\\/museal.com\\\/fr\\\/produit\\\/la-fibule-de-diekirch\\\/#breadcrumb\",\"itemListElement\":[{\"@type\":\"ListItem\",\"position\":1,\"name\":\"Accueil\",\"item\":\"https:\\\/\\\/museal.com\\\/fr\\\/\"},{\"@type\":\"ListItem\",\"position\":2,\"name\":\"Boutique\",\"item\":\"https:\\\/\\\/museal.com\\\/fr\\\/boutique\\\/\"},{\"@type\":\"ListItem\",\"position\":3,\"name\":\"La Fibule de Diekirch\"}]},{\"@type\":\"WebSite\",\"@id\":\"https:\\\/\\\/museal.com\\\/fr\\\/#website\",\"url\":\"https:\\\/\\\/museal.com\\\/fr\\\/\",\"name\":\"Museal Editions\",\"description\":\"Objets d&#039;art et de d\u00e9coration inspir\u00e9s du Patrimoine luxembourgeois\",\"publisher\":{\"@id\":\"https:\\\/\\\/museal.com\\\/fr\\\/#organization\"},\"potentialAction\":[{\"@type\":\"SearchAction\",\"target\":{\"@type\":\"EntryPoint\",\"urlTemplate\":\"https:\\\/\\\/museal.com\\\/fr\\\/?s={search_term_string}\"},\"query-input\":{\"@type\":\"PropertyValueSpecification\",\"valueRequired\":true,\"valueName\":\"search_term_string\"}}],\"inLanguage\":\"fr-FR\"},{\"@type\":\"Organization\",\"@id\":\"https:\\\/\\\/museal.com\\\/fr\\\/#organization\",\"name\":\"Museal Editions\",\"url\":\"https:\\\/\\\/museal.com\\\/fr\\\/\",\"logo\":{\"@type\":\"ImageObject\",\"inLanguage\":\"fr-FR\",\"@id\":\"https:\\\/\\\/museal.com\\\/fr\\\/#\\\/schema\\\/logo\\\/image\\\/\",\"url\":\"https:\\\/\\\/museal.com\\\/wp-content\\\/uploads\\\/2021\\\/05\\\/logo-e1621950424453.jpg\",\"contentUrl\":\"https:\\\/\\\/museal.com\\\/wp-content\\\/uploads\\\/2021\\\/05\\\/logo-e1621950424453.jpg\",\"width\":732,\"height\":574,\"caption\":\"Museal Editions\"},\"image\":{\"@id\":\"https:\\\/\\\/museal.com\\\/fr\\\/#\\\/schema\\\/logo\\\/image\\\/\"}}]}<\/script>\n<!-- \/ Yoast SEO plugin. -->","yoast_head_json":{"title":"La Fibule de Diekirch - Museal Editions","description":"Fibule de Diekirch (l'un des tr\u00e9sors arch\u00e9ologiques du Luxembourg) en laiton dor\u00e9 \u00e0 l'or fin 18 carats, incrust\u00e9e de r\u00e9sines couleur grenat.","robots":{"index":"index","follow":"follow","max-snippet":"max-snippet:-1","max-image-preview":"max-image-preview:large","max-video-preview":"max-video-preview:-1"},"canonical":"https:\/\/museal.com\/fr\/produit\/la-fibule-de-diekirch\/","og_locale":"fr_FR","og_type":"article","og_title":"La Fibule de Diekirch - Museal Editions","og_description":"Fibule de Diekirch (l'un des tr\u00e9sors arch\u00e9ologiques du Luxembourg) en laiton dor\u00e9 \u00e0 l'or fin 18 carats, incrust\u00e9e de r\u00e9sines couleur grenat.","og_url":"https:\/\/museal.com\/fr\/produit\/la-fibule-de-diekirch\/","og_site_name":"Museal Editions","article_modified_time":"2025-12-02T10:02:25+00:00","og_image":[{"width":1500,"height":2000,"url":"https:\/\/museal.com\/wp-content\/uploads\/2022\/01\/La-Fibule-de-Diekirch.jpg","type":"image\/jpeg"}],"twitter_card":"summary_large_image","schema":{"@context":"https:\/\/schema.org","@graph":[{"@type":"WebPage","@id":"https:\/\/museal.com\/fr\/produit\/la-fibule-de-diekirch\/","url":"https:\/\/museal.com\/fr\/produit\/la-fibule-de-diekirch\/","name":"La Fibule de Diekirch - Museal Editions","isPartOf":{"@id":"https:\/\/museal.com\/fr\/#website"},"primaryImageOfPage":{"@id":"https:\/\/museal.com\/fr\/produit\/la-fibule-de-diekirch\/#primaryimage"},"image":{"@id":"https:\/\/museal.com\/fr\/produit\/la-fibule-de-diekirch\/#primaryimage"},"thumbnailUrl":"https:\/\/museal.com\/wp-content\/uploads\/2022\/01\/La-Fibule-de-Diekirch.jpg","datePublished":"2022-01-21T09:21:56+00:00","dateModified":"2025-12-02T10:02:25+00:00","description":"Fibule de Diekirch (l'un des tr\u00e9sors arch\u00e9ologiques du Luxembourg) en laiton dor\u00e9 \u00e0 l'or fin 18 carats, incrust\u00e9e de r\u00e9sines couleur grenat.","breadcrumb":{"@id":"https:\/\/museal.com\/fr\/produit\/la-fibule-de-diekirch\/#breadcrumb"},"inLanguage":"fr-FR","potentialAction":[{"@type":"ReadAction","target":["https:\/\/museal.com\/fr\/produit\/la-fibule-de-diekirch\/"]}]},{"@type":"ImageObject","inLanguage":"fr-FR","@id":"https:\/\/museal.com\/fr\/produit\/la-fibule-de-diekirch\/#primaryimage","url":"https:\/\/museal.com\/wp-content\/uploads\/2022\/01\/La-Fibule-de-Diekirch.jpg","contentUrl":"https:\/\/museal.com\/wp-content\/uploads\/2022\/01\/La-Fibule-de-Diekirch.jpg","width":1500,"height":2000},{"@type":"BreadcrumbList","@id":"https:\/\/museal.com\/fr\/produit\/la-fibule-de-diekirch\/#breadcrumb","itemListElement":[{"@type":"ListItem","position":1,"name":"Accueil","item":"https:\/\/museal.com\/fr\/"},{"@type":"ListItem","position":2,"name":"Boutique","item":"https:\/\/museal.com\/fr\/boutique\/"},{"@type":"ListItem","position":3,"name":"La Fibule de Diekirch"}]},{"@type":"WebSite","@id":"https:\/\/museal.com\/fr\/#website","url":"https:\/\/museal.com\/fr\/","name":"Museal Editions","description":"Objets d&#039;art et de d\u00e9coration inspir\u00e9s du Patrimoine luxembourgeois","publisher":{"@id":"https:\/\/museal.com\/fr\/#organization"},"potentialAction":[{"@type":"SearchAction","target":{"@type":"EntryPoint","urlTemplate":"https:\/\/museal.com\/fr\/?s={search_term_string}"},"query-input":{"@type":"PropertyValueSpecification","valueRequired":true,"valueName":"search_term_string"}}],"inLanguage":"fr-FR"},{"@type":"Organization","@id":"https:\/\/museal.com\/fr\/#organization","name":"Museal Editions","url":"https:\/\/museal.com\/fr\/","logo":{"@type":"ImageObject","inLanguage":"fr-FR","@id":"https:\/\/museal.com\/fr\/#\/schema\/logo\/image\/","url":"https:\/\/museal.com\/wp-content\/uploads\/2021\/05\/logo-e1621950424453.jpg","contentUrl":"https:\/\/museal.com\/wp-content\/uploads\/2021\/05\/logo-e1621950424453.jpg","width":732,"height":574,"caption":"Museal Editions"},"image":{"@id":"https:\/\/museal.com\/fr\/#\/schema\/logo\/image\/"}}]}},"_links":{"self":[{"href":"https:\/\/museal.com\/fr\/wp-json\/wp\/v2\/product\/12487","targetHints":{"allow":["GET"]}}],"collection":[{"href":"https:\/\/museal.com\/fr\/wp-json\/wp\/v2\/product"}],"about":[{"href":"https:\/\/museal.com\/fr\/wp-json\/wp\/v2\/types\/product"}],"wp:featuredmedia":[{"embeddable":true,"href":"https:\/\/museal.com\/fr\/wp-json\/wp\/v2\/media\/13896"}],"wp:attachment":[{"href":"https:\/\/museal.com\/fr\/wp-json\/wp\/v2\/media?parent=12487"}],"wp:term":[{"taxonomy":"product_brand","embeddable":true,"href":"https:\/\/museal.com\/fr\/wp-json\/wp\/v2\/product_brand?post=12487"},{"taxonomy":"product_cat","embeddable":true,"href":"https:\/\/museal.com\/fr\/wp-json\/wp\/v2\/product_cat?post=12487"},{"taxonomy":"product_tag","embeddable":true,"href":"https:\/\/museal.com\/fr\/wp-json\/wp\/v2\/product_tag?post=12487"}],"curies":[{"name":"wp","href":"https:\/\/api.w.org\/{rel}","templated":true}]}}

<p>La fibule de Diekirch est l&#8217;un des trésors archéologiques du Grand Duché de Luxembourg. Conservée et exposée au Musée National d&#8217;Histoire et d&#8217;Art de Luxembourg, cette broche discoïde Mérovingienne datant de la deuxième moitié du VIIème siècle après J-C a été découverte sur le site de l&#8217;église St Laurent, à Diekirch, en 1992. Il s&#8217;agit de la première preuve que l&#8217;édifice gallo-romain fut, dès le milieu du VIIème siècle, utilisé comme une église. La fibule originale est en bronze, recouverte d&#8217;une épaisse feuille d&#8217;or, décorée de 4 grenats almandins et cerclée d&#8217;un rang de fines perles d&#8217;or. Elle servait probablement de bijou de cérémonie. Réalisée en partenariat avec le Musée National d&#8217;Histoire et d&#8217;Art de Luxembourg, cette broche-pendentif est en laiton doré à l&#8217;or fin 18 carats, incrustée de résines colorées. Ce bijou respecte chaque détail de l&#8217;œuvre originale et la fait revivre après 14 siècles de sommeil.</p>

<p>Fibule de Diekirch en laiton doré à l&#8217;or fin 18 carats, incrustée de résines couleur grenat.</p>
<p>Une version en or massif 18 carats et grenats incrustés, numérotée sur 50 exemplaires, est également disponible sur commande (délai 3 mois)</p>
<p>Diamètre: 33mm.</p>

<!-- This site is optimized with the Yoast SEO plugin v27.3 - https://yoast.com/product/yoast-seo-wordpress/ -->
<title>La Fibule de Diekirch - Museal Editions</title>
<meta name="description" content="Fibule de Diekirch (l&#039;un des trésors archéologiques du Luxembourg) en laiton doré à l&#039;or fin 18 carats, incrustée de résines couleur grenat." />
<meta name="robots" content="index, follow, max-snippet:-1, max-image-preview:large, max-video-preview:-1" />
<link rel="canonical" href="https://museal.com/fr/produit/la-fibule-de-diekirch/" />
<meta property="og:locale" content="fr_FR" />
<meta property="og:type" content="article" />
<meta property="og:title" content="La Fibule de Diekirch - Museal Editions" />
<meta property="og:description" content="Fibule de Diekirch (l&#039;un des trésors archéologiques du Luxembourg) en laiton doré à l&#039;or fin 18 carats, incrustée de résines couleur grenat." />
<meta property="og:url" content="https://museal.com/fr/produit/la-fibule-de-diekirch/" />
<meta property="og:site_name" content="Museal Editions" />
<meta property="article:modified_time" content="2025-12-02T10:02:25+00:00" />
<meta property="og:image" content="https://museal.com/wp-content/uploads/2022/01/La-Fibule-de-Diekirch.jpg" />
	<meta property="og:image:width" content="1500" />
	<meta property="og:image:height" content="2000" />
	<meta property="og:image:type" content="image/jpeg" />
<meta name="twitter:card" content="summary_large_image" />
<script type="application/ld+json" class="yoast-schema-graph">{"@context":"https:\/\/schema.org","@graph":[{"@type":"WebPage","@id":"https:\/\/museal.com\/fr\/produit\/la-fibule-de-diekirch\/","url":"https:\/\/museal.com\/fr\/produit\/la-fibule-de-diekirch\/","name":"La Fibule de Diekirch - Museal Editions","isPartOf":{"@id":"https:\/\/museal.com\/fr\/#website"},"primaryImageOfPage":{"@id":"https:\/\/museal.com\/fr\/produit\/la-fibule-de-diekirch\/#primaryimage"},"image":{"@id":"https:\/\/museal.com\/fr\/produit\/la-fibule-de-diekirch\/#primaryimage"},"thumbnailUrl":"https:\/\/museal.com\/wp-content\/uploads\/2022\/01\/La-Fibule-de-Diekirch.jpg","datePublished":"2022-01-21T09:21:56+00:00","dateModified":"2025-12-02T10:02:25+00:00","description":"Fibule de Diekirch (l'un des trésors archéologiques du Luxembourg) en laiton doré à l'or fin 18 carats, incrustée de résines couleur grenat.","breadcrumb":{"@id":"https:\/\/museal.com\/fr\/produit\/la-fibule-de-diekirch\/#breadcrumb"},"inLanguage":"fr-FR","potentialAction":[{"@type":"ReadAction","target":["https:\/\/museal.com\/fr\/produit\/la-fibule-de-diekirch\/"]}]},{"@type":"ImageObject","inLanguage":"fr-FR","@id":"https:\/\/museal.com\/fr\/produit\/la-fibule-de-diekirch\/#primaryimage","url":"https:\/\/museal.com\/wp-content\/uploads\/2022\/01\/La-Fibule-de-Diekirch.jpg","contentUrl":"https:\/\/museal.com\/wp-content\/uploads\/2022\/01\/La-Fibule-de-Diekirch.jpg","width":1500,"height":2000},{"@type":"BreadcrumbList","@id":"https:\/\/museal.com\/fr\/produit\/la-fibule-de-diekirch\/#breadcrumb","itemListElement":[{"@type":"ListItem","position":1,"name":"Accueil","item":"https:\/\/museal.com\/fr\/"},{"@type":"ListItem","position":2,"name":"Boutique","item":"https:\/\/museal.com\/fr\/boutique\/"},{"@type":"ListItem","position":3,"name":"La Fibule de Diekirch"}]},{"@type":"WebSite","@id":"https:\/\/museal.com\/fr\/#website","url":"https:\/\/museal.com\/fr\/","name":"Museal Editions","description":"Objets d&#039;art et de décoration inspirés du Patrimoine luxembourgeois","publisher":{"@id":"https:\/\/museal.com\/fr\/#organization"},"potentialAction":[{"@type":"SearchAction","target":{"@type":"EntryPoint","urlTemplate":"https:\/\/museal.com\/fr\/?s={search_term_string}"},"query-input":{"@type":"PropertyValueSpecification","valueRequired":true,"valueName":"search_term_string"}}],"inLanguage":"fr-FR"},{"@type":"Organization","@id":"https:\/\/museal.com\/fr\/#organization","name":"Museal Editions","url":"https:\/\/museal.com\/fr\/","logo":{"@type":"ImageObject","inLanguage":"fr-FR","@id":"https:\/\/museal.com\/fr\/#\/schema\/logo\/image\/","url":"https:\/\/museal.com\/wp-content\/uploads\/2021\/05\/logo-e1621950424453.jpg","contentUrl":"https:\/\/museal.com\/wp-content\/uploads\/2021\/05\/logo-e1621950424453.jpg","width":732,"height":574,"caption":"Museal Editions"},"image":{"@id":"https:\/\/museal.com\/fr\/#\/schema\/logo\/image\/"}}]}</script>
<!-- / Yoast SEO plugin. -->

Fibule de Diekirch (l'un des trésors archéologiques du Luxembourg) en laiton doré à l'or fin 18 carats, incrustée de résines couleur grenat.

Objets d&#039;art et de décoration inspirés du Patrimoine luxembourgeois
