{"id":12648,"date":"2022-01-21T12:24:10","date_gmt":"2022-01-21T11:24:10","guid":{"rendered":"https:\/\/shop.museal.com\/?post_type=product&#038;p=12648"},"modified":"2025-10-30T12:20:20","modified_gmt":"2025-10-30T11:20:20","slug":"album-pittoresque-du-luxembourg","status":"publish","type":"product","link":"https:\/\/museal.com\/fr\/produit\/album-pittoresque-du-luxembourg\/","title":{"rendered":"Album pittoresque du Luxembourg"},"content":{"rendered":"<div>Les paysages du Grand-Duch\u00e9 ont inspir\u00e9 les plus grands artistes luxembourgeois et \u00e9trangers, \u00e0 commencer par l&#8217;anglais William Turner avec ses c\u00e9l\u00e8bres aquarelles d&#8217;un romantisme fi\u00e9vreux.<\/div>\n<div>Nicolas Liez est le second artiste honor\u00e9 par cet ouvrage. Il est connu pour ses dessins au trait d&#8217;une grande pr\u00e9cision graphique et topologique. Lui succ\u00e8dent d&#8217;autres artistes paysagistes de renom : Jean-Baptiste Fresez, Michel Engels et Sosth\u00e8ne Weis. Les \u0153uvres\u00a0sont accompagn\u00e9es de commentaires artistiques et biographiques sign\u00e9s de Michel Margue, Timothy Clifford, Pierre Gr\u00e9goire et Evy Friedrich.<\/div>\n","protected":false},"excerpt":{"rendered":"<div>\n<p>Tr\u00e8s bel ouvrage \u00e9dit\u00e9 par les \u00e9ditions Kutter en 1987, diffus\u00e9 \u00e0 pr\u00e9sent par les Editions Museal. 60 dessins, aquarelles et gouaches, couleur ou noir et blanc, y sont imprim\u00e9s en grand format. Impression sur papier v\u00e9lin blanc cass\u00e9 et reli\u00e9 sous couverture toil\u00e9e dor\u00e9e \u00e0 chaud.<\/p>\n<p>Format 30 x 25 x 3cm, poids: 220 grammes<\/p>\n<p>Il ne reste que quelques\u00a0 pi\u00e8ces avant rupture de stock d\u00e9finitive de ce livre rare<em>.<\/em><\/p>\n<\/div>\n<div><\/div>\n","protected":false},"featured_media":13721,"template":"","meta":[],"product_brand":[],"product_cat":[142],"product_tag":[],"class_list":{"0":"post-12648","1":"product","2":"type-product","3":"status-publish","4":"has-post-thumbnail","6":"product_cat-livres-lithographies-gravures-photos","8":"first","9":"instock","10":"taxable","11":"shipping-taxable","12":"purchasable","13":"product-type-simple"},"yoast_head":"<!-- This site is optimized with the Yoast SEO plugin v27.3 - https:\/\/yoast.com\/product\/yoast-seo-wordpress\/ -->\n<title>Album pittoresque du Luxembourg - Museal Editions<\/title>\n<meta name=\"description\" content=\"Tr\u00e8s bel ouvrage \u00e9dit\u00e9 par les \u00e9ditions Kutter en 1987. 60 dessins, aquarelles et gouaches, couleur ou noir et blanc, y sont imprim\u00e9s en grand format.\" \/>\n<meta name=\"robots\" content=\"index, follow, max-snippet:-1, max-image-preview:large, max-video-preview:-1\" \/>\n<link rel=\"canonical\" href=\"https:\/\/museal.com\/fr\/produit\/album-pittoresque-du-luxembourg\/\" \/>\n<meta property=\"og:locale\" content=\"fr_FR\" \/>\n<meta property=\"og:type\" content=\"article\" \/>\n<meta property=\"og:title\" content=\"Album pittoresque du Luxembourg - Museal Editions\" \/>\n<meta property=\"og:description\" content=\"Tr\u00e8s bel ouvrage \u00e9dit\u00e9 par les \u00e9ditions Kutter en 1987. 60 dessins, aquarelles et gouaches, couleur ou noir et blanc, y sont imprim\u00e9s en grand format.\" \/>\n<meta property=\"og:url\" content=\"https:\/\/museal.com\/fr\/produit\/album-pittoresque-du-luxembourg\/\" \/>\n<meta property=\"og:site_name\" content=\"Museal Editions\" \/>\n<meta property=\"article:modified_time\" content=\"2025-10-30T11:20:20+00:00\" \/>\n<meta property=\"og:image\" content=\"https:\/\/museal.com\/wp-content\/uploads\/2022\/01\/album-pittoresque.jpg\" \/>\n\t<meta property=\"og:image:width\" content=\"1500\" \/>\n\t<meta property=\"og:image:height\" content=\"2000\" \/>\n\t<meta property=\"og:image:type\" content=\"image\/jpeg\" \/>\n<meta name=\"twitter:card\" content=\"summary_large_image\" \/>\n<script type=\"application\/ld+json\" class=\"yoast-schema-graph\">{\"@context\":\"https:\\\/\\\/schema.org\",\"@graph\":[{\"@type\":\"WebPage\",\"@id\":\"https:\\\/\\\/museal.com\\\/fr\\\/produit\\\/album-pittoresque-du-luxembourg\\\/\",\"url\":\"https:\\\/\\\/museal.com\\\/fr\\\/produit\\\/album-pittoresque-du-luxembourg\\\/\",\"name\":\"Album pittoresque du Luxembourg - Museal Editions\",\"isPartOf\":{\"@id\":\"https:\\\/\\\/museal.com\\\/fr\\\/#website\"},\"primaryImageOfPage\":{\"@id\":\"https:\\\/\\\/museal.com\\\/fr\\\/produit\\\/album-pittoresque-du-luxembourg\\\/#primaryimage\"},\"image\":{\"@id\":\"https:\\\/\\\/museal.com\\\/fr\\\/produit\\\/album-pittoresque-du-luxembourg\\\/#primaryimage\"},\"thumbnailUrl\":\"https:\\\/\\\/museal.com\\\/wp-content\\\/uploads\\\/2022\\\/01\\\/album-pittoresque.jpg\",\"datePublished\":\"2022-01-21T11:24:10+00:00\",\"dateModified\":\"2025-10-30T11:20:20+00:00\",\"description\":\"Tr\u00e8s bel ouvrage \u00e9dit\u00e9 par les \u00e9ditions Kutter en 1987. 60 dessins, aquarelles et gouaches, couleur ou noir et blanc, y sont imprim\u00e9s en grand format.\",\"breadcrumb\":{\"@id\":\"https:\\\/\\\/museal.com\\\/fr\\\/produit\\\/album-pittoresque-du-luxembourg\\\/#breadcrumb\"},\"inLanguage\":\"fr-FR\",\"potentialAction\":[{\"@type\":\"ReadAction\",\"target\":[\"https:\\\/\\\/museal.com\\\/fr\\\/produit\\\/album-pittoresque-du-luxembourg\\\/\"]}]},{\"@type\":\"ImageObject\",\"inLanguage\":\"fr-FR\",\"@id\":\"https:\\\/\\\/museal.com\\\/fr\\\/produit\\\/album-pittoresque-du-luxembourg\\\/#primaryimage\",\"url\":\"https:\\\/\\\/museal.com\\\/wp-content\\\/uploads\\\/2022\\\/01\\\/album-pittoresque.jpg\",\"contentUrl\":\"https:\\\/\\\/museal.com\\\/wp-content\\\/uploads\\\/2022\\\/01\\\/album-pittoresque.jpg\",\"width\":1500,\"height\":2000},{\"@type\":\"BreadcrumbList\",\"@id\":\"https:\\\/\\\/museal.com\\\/fr\\\/produit\\\/album-pittoresque-du-luxembourg\\\/#breadcrumb\",\"itemListElement\":[{\"@type\":\"ListItem\",\"position\":1,\"name\":\"Accueil\",\"item\":\"https:\\\/\\\/museal.com\\\/fr\\\/\"},{\"@type\":\"ListItem\",\"position\":2,\"name\":\"Boutique\",\"item\":\"https:\\\/\\\/museal.com\\\/fr\\\/boutique\\\/\"},{\"@type\":\"ListItem\",\"position\":3,\"name\":\"Album pittoresque du Luxembourg\"}]},{\"@type\":\"WebSite\",\"@id\":\"https:\\\/\\\/museal.com\\\/fr\\\/#website\",\"url\":\"https:\\\/\\\/museal.com\\\/fr\\\/\",\"name\":\"Museal Editions\",\"description\":\"Objets d&#039;art et de d\u00e9coration inspir\u00e9s du Patrimoine luxembourgeois\",\"publisher\":{\"@id\":\"https:\\\/\\\/museal.com\\\/fr\\\/#organization\"},\"potentialAction\":[{\"@type\":\"SearchAction\",\"target\":{\"@type\":\"EntryPoint\",\"urlTemplate\":\"https:\\\/\\\/museal.com\\\/fr\\\/?s={search_term_string}\"},\"query-input\":{\"@type\":\"PropertyValueSpecification\",\"valueRequired\":true,\"valueName\":\"search_term_string\"}}],\"inLanguage\":\"fr-FR\"},{\"@type\":\"Organization\",\"@id\":\"https:\\\/\\\/museal.com\\\/fr\\\/#organization\",\"name\":\"Museal Editions\",\"url\":\"https:\\\/\\\/museal.com\\\/fr\\\/\",\"logo\":{\"@type\":\"ImageObject\",\"inLanguage\":\"fr-FR\",\"@id\":\"https:\\\/\\\/museal.com\\\/fr\\\/#\\\/schema\\\/logo\\\/image\\\/\",\"url\":\"https:\\\/\\\/museal.com\\\/wp-content\\\/uploads\\\/2021\\\/05\\\/logo-e1621950424453.jpg\",\"contentUrl\":\"https:\\\/\\\/museal.com\\\/wp-content\\\/uploads\\\/2021\\\/05\\\/logo-e1621950424453.jpg\",\"width\":732,\"height\":574,\"caption\":\"Museal Editions\"},\"image\":{\"@id\":\"https:\\\/\\\/museal.com\\\/fr\\\/#\\\/schema\\\/logo\\\/image\\\/\"}}]}<\/script>\n<!-- \/ Yoast SEO plugin. -->","yoast_head_json":{"title":"Album pittoresque du Luxembourg - Museal Editions","description":"Tr\u00e8s bel ouvrage \u00e9dit\u00e9 par les \u00e9ditions Kutter en 1987. 60 dessins, aquarelles et gouaches, couleur ou noir et blanc, y sont imprim\u00e9s en grand format.","robots":{"index":"index","follow":"follow","max-snippet":"max-snippet:-1","max-image-preview":"max-image-preview:large","max-video-preview":"max-video-preview:-1"},"canonical":"https:\/\/museal.com\/fr\/produit\/album-pittoresque-du-luxembourg\/","og_locale":"fr_FR","og_type":"article","og_title":"Album pittoresque du Luxembourg - Museal Editions","og_description":"Tr\u00e8s bel ouvrage \u00e9dit\u00e9 par les \u00e9ditions Kutter en 1987. 60 dessins, aquarelles et gouaches, couleur ou noir et blanc, y sont imprim\u00e9s en grand format.","og_url":"https:\/\/museal.com\/fr\/produit\/album-pittoresque-du-luxembourg\/","og_site_name":"Museal Editions","article_modified_time":"2025-10-30T11:20:20+00:00","og_image":[{"width":1500,"height":2000,"url":"https:\/\/museal.com\/wp-content\/uploads\/2022\/01\/album-pittoresque.jpg","type":"image\/jpeg"}],"twitter_card":"summary_large_image","schema":{"@context":"https:\/\/schema.org","@graph":[{"@type":"WebPage","@id":"https:\/\/museal.com\/fr\/produit\/album-pittoresque-du-luxembourg\/","url":"https:\/\/museal.com\/fr\/produit\/album-pittoresque-du-luxembourg\/","name":"Album pittoresque du Luxembourg - Museal Editions","isPartOf":{"@id":"https:\/\/museal.com\/fr\/#website"},"primaryImageOfPage":{"@id":"https:\/\/museal.com\/fr\/produit\/album-pittoresque-du-luxembourg\/#primaryimage"},"image":{"@id":"https:\/\/museal.com\/fr\/produit\/album-pittoresque-du-luxembourg\/#primaryimage"},"thumbnailUrl":"https:\/\/museal.com\/wp-content\/uploads\/2022\/01\/album-pittoresque.jpg","datePublished":"2022-01-21T11:24:10+00:00","dateModified":"2025-10-30T11:20:20+00:00","description":"Tr\u00e8s bel ouvrage \u00e9dit\u00e9 par les \u00e9ditions Kutter en 1987. 60 dessins, aquarelles et gouaches, couleur ou noir et blanc, y sont imprim\u00e9s en grand format.","breadcrumb":{"@id":"https:\/\/museal.com\/fr\/produit\/album-pittoresque-du-luxembourg\/#breadcrumb"},"inLanguage":"fr-FR","potentialAction":[{"@type":"ReadAction","target":["https:\/\/museal.com\/fr\/produit\/album-pittoresque-du-luxembourg\/"]}]},{"@type":"ImageObject","inLanguage":"fr-FR","@id":"https:\/\/museal.com\/fr\/produit\/album-pittoresque-du-luxembourg\/#primaryimage","url":"https:\/\/museal.com\/wp-content\/uploads\/2022\/01\/album-pittoresque.jpg","contentUrl":"https:\/\/museal.com\/wp-content\/uploads\/2022\/01\/album-pittoresque.jpg","width":1500,"height":2000},{"@type":"BreadcrumbList","@id":"https:\/\/museal.com\/fr\/produit\/album-pittoresque-du-luxembourg\/#breadcrumb","itemListElement":[{"@type":"ListItem","position":1,"name":"Accueil","item":"https:\/\/museal.com\/fr\/"},{"@type":"ListItem","position":2,"name":"Boutique","item":"https:\/\/museal.com\/fr\/boutique\/"},{"@type":"ListItem","position":3,"name":"Album pittoresque du Luxembourg"}]},{"@type":"WebSite","@id":"https:\/\/museal.com\/fr\/#website","url":"https:\/\/museal.com\/fr\/","name":"Museal Editions","description":"Objets d&#039;art et de d\u00e9coration inspir\u00e9s du Patrimoine luxembourgeois","publisher":{"@id":"https:\/\/museal.com\/fr\/#organization"},"potentialAction":[{"@type":"SearchAction","target":{"@type":"EntryPoint","urlTemplate":"https:\/\/museal.com\/fr\/?s={search_term_string}"},"query-input":{"@type":"PropertyValueSpecification","valueRequired":true,"valueName":"search_term_string"}}],"inLanguage":"fr-FR"},{"@type":"Organization","@id":"https:\/\/museal.com\/fr\/#organization","name":"Museal Editions","url":"https:\/\/museal.com\/fr\/","logo":{"@type":"ImageObject","inLanguage":"fr-FR","@id":"https:\/\/museal.com\/fr\/#\/schema\/logo\/image\/","url":"https:\/\/museal.com\/wp-content\/uploads\/2021\/05\/logo-e1621950424453.jpg","contentUrl":"https:\/\/museal.com\/wp-content\/uploads\/2021\/05\/logo-e1621950424453.jpg","width":732,"height":574,"caption":"Museal Editions"},"image":{"@id":"https:\/\/museal.com\/fr\/#\/schema\/logo\/image\/"}}]}},"_links":{"self":[{"href":"https:\/\/museal.com\/fr\/wp-json\/wp\/v2\/product\/12648","targetHints":{"allow":["GET"]}}],"collection":[{"href":"https:\/\/museal.com\/fr\/wp-json\/wp\/v2\/product"}],"about":[{"href":"https:\/\/museal.com\/fr\/wp-json\/wp\/v2\/types\/product"}],"wp:featuredmedia":[{"embeddable":true,"href":"https:\/\/museal.com\/fr\/wp-json\/wp\/v2\/media\/13721"}],"wp:attachment":[{"href":"https:\/\/museal.com\/fr\/wp-json\/wp\/v2\/media?parent=12648"}],"wp:term":[{"taxonomy":"product_brand","embeddable":true,"href":"https:\/\/museal.com\/fr\/wp-json\/wp\/v2\/product_brand?post=12648"},{"taxonomy":"product_cat","embeddable":true,"href":"https:\/\/museal.com\/fr\/wp-json\/wp\/v2\/product_cat?post=12648"},{"taxonomy":"product_tag","embeddable":true,"href":"https:\/\/museal.com\/fr\/wp-json\/wp\/v2\/product_tag?post=12648"}],"curies":[{"name":"wp","href":"https:\/\/api.w.org\/{rel}","templated":true}]}}

<div>Les paysages du Grand-Duché ont inspiré les plus grands artistes luxembourgeois et étrangers, à commencer par l&#8217;anglais William Turner avec ses célèbres aquarelles d&#8217;un romantisme fiévreux.</div>
<div>Nicolas Liez est le second artiste honoré par cet ouvrage. Il est connu pour ses dessins au trait d&#8217;une grande précision graphique et topologique. Lui succèdent d&#8217;autres artistes paysagistes de renom : Jean-Baptiste Fresez, Michel Engels et Sosthène Weis. Les œuvres sont accompagnées de commentaires artistiques et biographiques signés de Michel Margue, Timothy Clifford, Pierre Grégoire et Evy Friedrich.</div>

<div>
<p>Très bel ouvrage édité par les éditions Kutter en 1987, diffusé à présent par les Editions Museal. 60 dessins, aquarelles et gouaches, couleur ou noir et blanc, y sont imprimés en grand format. Impression sur papier vélin blanc cassé et relié sous couverture toilée dorée à chaud.</p>
<p>Format 30 x 25 x 3cm, poids: 220 grammes</p>
<p>Il ne reste que quelques  pièces avant rupture de stock définitive de ce livre rare<em>.</em></p>
</div>
<div></div>

<!-- This site is optimized with the Yoast SEO plugin v27.3 - https://yoast.com/product/yoast-seo-wordpress/ -->
<title>Album pittoresque du Luxembourg - Museal Editions</title>
<meta name="description" content="Très bel ouvrage édité par les éditions Kutter en 1987. 60 dessins, aquarelles et gouaches, couleur ou noir et blanc, y sont imprimés en grand format." />
<meta name="robots" content="index, follow, max-snippet:-1, max-image-preview:large, max-video-preview:-1" />
<link rel="canonical" href="https://museal.com/fr/produit/album-pittoresque-du-luxembourg/" />
<meta property="og:locale" content="fr_FR" />
<meta property="og:type" content="article" />
<meta property="og:title" content="Album pittoresque du Luxembourg - Museal Editions" />
<meta property="og:description" content="Très bel ouvrage édité par les éditions Kutter en 1987. 60 dessins, aquarelles et gouaches, couleur ou noir et blanc, y sont imprimés en grand format." />
<meta property="og:url" content="https://museal.com/fr/produit/album-pittoresque-du-luxembourg/" />
<meta property="og:site_name" content="Museal Editions" />
<meta property="article:modified_time" content="2025-10-30T11:20:20+00:00" />
<meta property="og:image" content="https://museal.com/wp-content/uploads/2022/01/album-pittoresque.jpg" />
	<meta property="og:image:width" content="1500" />
	<meta property="og:image:height" content="2000" />
	<meta property="og:image:type" content="image/jpeg" />
<meta name="twitter:card" content="summary_large_image" />
<script type="application/ld+json" class="yoast-schema-graph">{"@context":"https:\/\/schema.org","@graph":[{"@type":"WebPage","@id":"https:\/\/museal.com\/fr\/produit\/album-pittoresque-du-luxembourg\/","url":"https:\/\/museal.com\/fr\/produit\/album-pittoresque-du-luxembourg\/","name":"Album pittoresque du Luxembourg - Museal Editions","isPartOf":{"@id":"https:\/\/museal.com\/fr\/#website"},"primaryImageOfPage":{"@id":"https:\/\/museal.com\/fr\/produit\/album-pittoresque-du-luxembourg\/#primaryimage"},"image":{"@id":"https:\/\/museal.com\/fr\/produit\/album-pittoresque-du-luxembourg\/#primaryimage"},"thumbnailUrl":"https:\/\/museal.com\/wp-content\/uploads\/2022\/01\/album-pittoresque.jpg","datePublished":"2022-01-21T11:24:10+00:00","dateModified":"2025-10-30T11:20:20+00:00","description":"Très bel ouvrage édité par les éditions Kutter en 1987. 60 dessins, aquarelles et gouaches, couleur ou noir et blanc, y sont imprimés en grand format.","breadcrumb":{"@id":"https:\/\/museal.com\/fr\/produit\/album-pittoresque-du-luxembourg\/#breadcrumb"},"inLanguage":"fr-FR","potentialAction":[{"@type":"ReadAction","target":["https:\/\/museal.com\/fr\/produit\/album-pittoresque-du-luxembourg\/"]}]},{"@type":"ImageObject","inLanguage":"fr-FR","@id":"https:\/\/museal.com\/fr\/produit\/album-pittoresque-du-luxembourg\/#primaryimage","url":"https:\/\/museal.com\/wp-content\/uploads\/2022\/01\/album-pittoresque.jpg","contentUrl":"https:\/\/museal.com\/wp-content\/uploads\/2022\/01\/album-pittoresque.jpg","width":1500,"height":2000},{"@type":"BreadcrumbList","@id":"https:\/\/museal.com\/fr\/produit\/album-pittoresque-du-luxembourg\/#breadcrumb","itemListElement":[{"@type":"ListItem","position":1,"name":"Accueil","item":"https:\/\/museal.com\/fr\/"},{"@type":"ListItem","position":2,"name":"Boutique","item":"https:\/\/museal.com\/fr\/boutique\/"},{"@type":"ListItem","position":3,"name":"Album pittoresque du Luxembourg"}]},{"@type":"WebSite","@id":"https:\/\/museal.com\/fr\/#website","url":"https:\/\/museal.com\/fr\/","name":"Museal Editions","description":"Objets d&#039;art et de décoration inspirés du Patrimoine luxembourgeois","publisher":{"@id":"https:\/\/museal.com\/fr\/#organization"},"potentialAction":[{"@type":"SearchAction","target":{"@type":"EntryPoint","urlTemplate":"https:\/\/museal.com\/fr\/?s={search_term_string}"},"query-input":{"@type":"PropertyValueSpecification","valueRequired":true,"valueName":"search_term_string"}}],"inLanguage":"fr-FR"},{"@type":"Organization","@id":"https:\/\/museal.com\/fr\/#organization","name":"Museal Editions","url":"https:\/\/museal.com\/fr\/","logo":{"@type":"ImageObject","inLanguage":"fr-FR","@id":"https:\/\/museal.com\/fr\/#\/schema\/logo\/image\/","url":"https:\/\/museal.com\/wp-content\/uploads\/2021\/05\/logo-e1621950424453.jpg","contentUrl":"https:\/\/museal.com\/wp-content\/uploads\/2021\/05\/logo-e1621950424453.jpg","width":732,"height":574,"caption":"Museal Editions"},"image":{"@id":"https:\/\/museal.com\/fr\/#\/schema\/logo\/image\/"}}]}</script>
<!-- / Yoast SEO plugin. -->

Très bel ouvrage édité par les éditions Kutter en 1987. 60 dessins, aquarelles et gouaches, couleur ou noir et blanc, y sont imprimés en grand format.

Objets d&#039;art et de décoration inspirés du Patrimoine luxembourgeois
